y 151626.
7
What is the remainder when 18712 is divided by 18423?
289
What is the remainder when 1548 is divided by 104?
92
What is the remainder when 12790 is divided by 64?
54
Calculate the remainder when 533640 is divided by 59293.
3
Calculate the remainder when 9154786 is divided by 17.
14
What is the remainder when 96546 is divided by 24?
18
Calculate the remainder when 77933 is divided by 4099.
52
What is the remainder when 1595036 is divided by 359?
358
What is the remainder when 2515 is divided by 1257?
1
What is the remainder when 53916 is divided by 291?
81
Calculate the remainder when 846842 is divided by 143.
139
Calculate the remainder when 125250 is divided by 1606.
1588
What is the remainder when 12187 is divided by 53?
50
What is the remainder when 56132 is divided by 43?
17
Calculate the remainder when 20188 is divided by 282.
166
Calculate the remainder when 388 is divided by 72.
28
What is the remainder when 90650 is divided by 58?
54
Calculate the remainder when 794887 is divided by 10.
7
What is the remainder when 91930 is divided by 8344?
146
Calculate the remainder when 3933 is divided by 131.
3
Calculate the remainder when 11768 is divided by 1306.
14
Calculate the remainder when 20617 is divided by 1595.
1477
What is the remainder when 247696 is divided by 384?
16
Calculate the remainder when 15340 is divided by 56.
52
What is the remainder when 21476 is divided by 24?
20
Calculate the remainder when 48815 is divided by 154.
151
What is the remainder when 155060 is divided by 568?
564
Calculate the remainder when 34714 is divided by 1513.
1428
Calculate the remainder when 204622 is divided by 2006.
10
What is the remainder when 708100 is divided by 18?
16
What is the remainder when 149613 is divided by 626?
625
Calculate the remainder when 462316 is divided by 17.
1
What is the remainder when 147561 is divided by 18?
15
Calculate the remainder when 2307 is divided by 129.
114
What is the remainder when 16867 is divided by 5617?
16
What is the remainder when 77491 is divided by 364?
323
What is the remainder when 30231 is divided by 775?
6
What is the remainder when 5209 is divided by 8?
1
What is the remainder when 10876 is divided by 42?
40
Calculate the remainder when 2134 is divided by 2133.
1
Calculate the remainder when 6899 is divided by 621.
68
Calculate the remainder when 263344 is divided by 23939.
15
Calculate the remainder when 167178 is divided by 2833.
31
Calculate the remainder when 28591 is divided by 5633.
426
What is the remainder when 33122 is divided by 5512?
50
Calculate the remainder when 3269 is divided by 112.
21
Calculate the remainder when 7660 is divided by 1527.
25
Calculate the remainder when 23827 is divided by 259.
258
Calculate the remainder when 702393 is divided by 351191.
11
Calculate the remainder when 255369 is divided by 5.
4
Calculate the remainder when 465540 is divided by 147.
138
What is the remainder when 16576 is divided by 70?
56
Calculate the remainder when 5143301 is divided by 47.
44
Calculate the remainder when 1035 is divided by 265.
240
What is the remainder when 9689 is divided by 57?
56
Calculate the remainder when 3259 is divided by 81.
19
Calculate the remainder when 963016 is divided by 1129.
1108
Calculate the remainder when 21203 is divided by 1230.
293
Calculate the remainder when 5597 is divided by 921.
71
Calculate the remainder when 1423 is divided by 47.
13
What is the remainder when 2087 is divided by 549?
440
What is the remainder when 4353 is divided by 1864?
625
Calculate the remainder when 2825 is divided by 107.
43
What is the remainder when 127048 is divided by 42323?
79
What is the remainder when 26186 is divided by 493?
57
What is the remainder when 1303442 is divided by 753?
752
Calculate the remainder when 486451 is divided by 6851.
30
Calculate the remainder when 444231 is divided by 49.
46
What is the remainder when 21404 is divided by 34?
18
What is the remainder when 10326 is divided by 3440?
6
Calculate the remainder when 2096 is divided by 417.
11
What is the remainder when 6087 is divided by 2700?
687
What is the remainder when 26401 is divided by 41?
38
What is the remainder when 29481 is divided by 15?
6
Calculate the remainder when 117898 is divided by 85.
3
Calculate the remainder when 6090 is divided by 870.
0
What is the remainder when 54473 is divided by 42?
41
Calculate the remainder when 41812 is divided by 8.
4
Calculate the remainder when 20667 is divided by 11.
9
What is the remainder when 62771 is divided by 5?
1
What is the remainder when 199749 is divided by 14?
11
What is the remainder when 154 is divided by 34?
18
What is the remainder when 28542 is divided by 620?
22
Calculate the remainder when 74286 is divided by 530.
86
Calculate the remainder when 1080 is divided by 119.
9
What is the remainder when 62406 is divided by 78?
6
Calculate the remainder when 12521 is divided by 16.
9
Calculate the remainder when 47963 is divided by 2819.
40
What is the remainder when 499746 is divided by 697?
694
What is the remainder when 17701 is divided by 277?
250
Calculate the remainder when 54422 is divided by 1506.
206
Calculate the remainder when 20751 is divided by 234.
159
What is the remainder when 4180 is divided by 480?
340
Calculate the remainder when 33160 is divided by 10781.
817
Calculate the remainder when 464146 is divided by 51.
46
Calculate the remainder when 356 is divided by 212.
144
What is the remainder when 24810 is divided by 12386?
38
Calculate the remainder when 7969 is divided by 885.
4
Calculate the remainder when 22831 is divided by 585.
16
Calculate the remainder when 5412 is divided by 1798.
18
What is the remainder when 7964 is divided by 59?
58
Calculate the remainder when 1257592 is divided by 299.
297
Calculate the remainder when 5663 is divided by 317.
274
What is the remainder when 6860610 is divided by 902?
900
Calculate the remainder when 18860 is divided by 649.
39
Calculate the remainder when 72275 is divided by 114.
113
Calculate the remainder when 12861 is divided by 447.
345
What is the remainder when 7693 is divided by 45?
43
Calculate the remainder when 14607 is divided by 972.
27
What is the remainder when 966 is divided by 57?
54
Calculate the remainder when 3622 is divided by 721.
17
What is the remainder when 1714297 is divided by 124?
121
What is the remainder when 64854 is divided by 1349?
102
Calculate the remainder when 4686 is divided by 361.
354
What is the remainder when 13786 is divided by 4577?
55
What is the remainder when 33959 is divided by 52?
3
What is the remainder when 1868192 is divided by 211?
209
Calculate the remainder when 287352 is divided by 3684.
0
What is the remainder when 5796 is divided by 572?
76
Calculate the remainder when 125833 is divided by 54.
13
Calculate the remainder when 217040 is divided by 908.
28
What is the remainder when 1494501 is divided by 12?
9
What is the remainder when 7953 is divided by 41?
40
Calculate the remainder when 23195 is divided by 1449.
11
Calculate the remainder when 63394 is divided by 6.
4
Calculate the remainder when 3032 is divided by 860.
452
Calculate the remainder when 12349 is divided by 60.
49
Calculate the remainder when 92413 is divided by 604.
1
What is the remainder when 10017 is divided by 375?
267
What is the remainder when 11798 is divided by 1965?
8
What is the remainder when 241246 is divided by 1270?
1216
Calculate the remainder when 4532 is divided by 6.
2
What is the remainder when 15263 is divided by 36?
35
Calculate the remainder when 149907 is divided by 668.
275
Calculate the remainder when 556021 is divided by 9115.
6
What is the remainder when 68834 is divided by 33?
29
Calculate the remainder when 31976 is divided by 122.
12
What is the remainder when 33697 is divided by 16845?
7
Calculate the remainder when 29983 is divided by 49.
44
Calculate the remainder when 10720 is divided by 10562.
158
Calculate the remainder when 35056 is divided by 54.
10
What is the remainder when 6426 is divided by 47?
34
What is the remainder when 27236 is divided by 9063?
47
What is the remainder when 125352 is divided by 446?
26
What is the remainder when 6690 is divided by 97?
94
What is the remainder when 24979